78 + (-175 - 2))
84
(3 - (2 - 2)) + -2 - (-160 + 147)
14
-76 + 129 + (-39 - 1)
13
((56 - 59) + 4 + 0 - 8) + 69 - 1
61
18 - (-1 - (-8 - 18))
-7
Evaluate (4 - (-3 - 60)) + -2 + (-71 - (111 - 169)).
52
53 - (0 + -5 - (8 - (-3 + -6 + 13)))
62
What is the value of 8 + (4 + (9 - (11 - 11)) - 8) + -17?
-4
What is 5 + 11 + (-15 - -30 - 23) - 21?
-13
Evaluate -3 - 2 - (66 - 66 - (-13 - (4 - 9))).
-13
What is -2 + -806 + 795 + 1 + 52?
40
What is 14 - ((2 - (18 + -26)) + (8 - 5))?
1
Evaluate 4375 + -4356 + -52 + 1.
-32
What is the value of 8 + -2 - (-13 + 17) - (2 - (0 - 6))?
-6
What is -1 + 3 + 9 + (20 + (-26 - 19) - 12)?
-26
What is the value of 172 + -370 + 205 - ((1 + 2 - 4) + -41)?
49
Evaluate -3 + -14 + 36 + -81 + -7 - -10.
-59
What is the value of 54 + 24 + -163 + 163 + 0 + -1?
77
(145 - 163 - (2 - -1 - 2)) + 9 - 12
-22
Calculate (-46 - 11) + 14 + (-3 + 6 - -6).
-34
What is -1 + 12 + -2 + (-117 - (-29 + -53))?
-26
Evaluate -6 + 2 + 25 + -172 + 128 + 25.
2
What is the value of 17 - 11 - ((-17 - (1 - 14)) + 40 + -1)?
-29
Calculate (-34 - -3 - -17) + 52.
38
What is -1 + 2 + -47 + 13 - 36?
-69
(100 - 88) + (-47 - -16) + (2 - 8)
-25
Calculate -27 - -146 - ((22 - 32) + 22 + -5).
112
(35 - (35 - 17)) + (-3 - 112) + 7
-91
What is (-5 - -13 - -15) + -58 - -117?
82
Calculate (-8 - 7) + (-31 - (-61 - -32)).
-17
(7 - 12 - 6) + (140 - 107)
22
(20 - 27) + (5 + -4 - 14) + 93
73
Calculate 1475 + -1460 - (-1 - 11).
27
Evaluate 32 + 5 + -6 + 6 - (-24 + -1 + 22).
40
What is (19354 - 19369) + (-43 - 2 - -2)?
-58
8 + -17 + 69 + -101
-41
What is the value of -14 - (14 - (1 + 15) - (2 + 19))?
9
Calculate 26 + (25 - 62) + 7 + -4 + -16.
-24
What is the value of (-77 - (-39 - (-37 + 5))) + -23?
-93
What is the value of -2 - (37 + (-4 - (1 - -9) - (-22 - -2)))?
-45
63 + -88 + 43 + -47
-29
Evaluate 8715 - 8685 - (-79 + -1 + 1).
109
Evaluate (-19 - 1) + (2 + 2 - (83 - 76)).
-23
Evaluate (-2 - -2) + (-108 - -95 - (1 + 9)).
-23
2 - 2 - (44 + 32 + -55)
-21
Evaluate -19 - 0 - (19 + -62) - 50.
-26
Evaluate (-96 + 62 - -77) + 25.
68
Calculate (-4 - (0 + 0)) + (-6 - (-17 + 18)).
-11
13 + -78 + -53 - -66
-52
(19 - (19 + 6) - (-7 - -3 - 10)) + 7
15
What is the value of (50 - 6 - (77 - 44)) + (28 - -1)?
40
What is (-1 - -1) + -1 + -49 + (17885 - 17871)?
-36
(-595 + 585 - (-25 - -1) - 3) + -136
-125
Evaluate 148 - (-7 + 18 - (-22 - -27) - 18 - -5).
155
Evaluate -1 + 1 - ((-54 - -32) + 28) - -47.
41
What is the value of 73 - (-30 + 6 + 3 - -18)?
76
What is the value of -5 + -5 + (-2 + 20 + 3 - (28 - 24))?
7
Evaluate -96 + (61 - 52 - -74).
-13
Calculate 198 + -99 - (-10 - -61).
48
Evaluate -3 + -19 + 31 + -13.
-4
98 + (11 + -23 + (19 - -3) - (-4 - -9))
103
Evaluate (2 - (-41 + 113)) + 166.
96
-4 + 40 + -29 + -2 + -2 + -25 - 8
-30
What is (-32 - (-35 - 55)) + -126?
-68
What is the value of 52 + -126 - -187 - 122?
-9
27513 + -27511 + (-2 - -2 - 8)
-6
5 + (17 + (13 - 9) + -7 - 28)
-9
What is the value of -1 + 65 + -1 - (-26 - (1 + -11 - 17))?
62
-126 - (12 + -64 - (-42 - -5))
-111
-15 - (39 - 55) - (24 + -2)
-21
Calculate (-1 - -14) + (-138 - -104) + -48 + -34.
-103
What is 3 - ((0 - 21) + 1) - (677 - 682)?
28
(2 - 4 - (-19 - (15 - 26))) + -48
-42
What is the value of 6476 - 6488 - (-1 - (-13 + 0))?
-24
Calculate 28 + -44 + 82 + -32.
34
What is 9 + -18 - ((51 - 24) + -49)?
13
Calculate 0 - (15 - (107 - 50)).
42
-12 + (2 - 66) + 4 + (3 - 21)
-90
72 - (-22 + (-16 - -29) + 22)
59
What is the value of (4148 - 4151) + -37 + 0 + -1 + 3?
-38
-19 - (8 - (117 + (-35 - -15)))
70
Evaluate 100 + (-157 - 36 - -4).
-89
13 + -4 + -1 - (6 + (-16 - -19))
-1
What is the value of (229 - (340 + -107)) + 2 + -1 + -21?
-24
Calculate (-5 - 44) + (-3 - 0) - (76 + -55).
-73
Evaluate 2 - (2 - 13) - (15 - (48 + 21)).
67
-93 + 77 + (3 + 6 - 6) + -30
-43
What is the value of (-75 - -46) + (10 - -27)?
8
-41 - ((27 - 85) + (26 - 8))
-1
32 + -1 + (92 - 140)
-17
Calculate (3 - 1) + (-11 - (-4 + 3)) - (120 + -167).
39
What is (-11 - 7) + 31 - (5 + -13 + 149)?
-128
Calculate 61 + -28 + -15 + 20.
38
-2 + 13 - (-46 - (16 + -51))
22
What is the value of -9 + (1 - 8) + (2 - -17) + 267 + -284?
-14
What is the value of (3 + -2 - -8) + 5 + (-7 - (35 + 2))?
-30
-8 - (-10 + (7 - 13) + -2 + -9 + 0)
19
What is (-6 - 1) + (49 - 2) + 615 + -660?
-5
-11 + 1 + 13 + (-9 - -2) - 0
-4
What is the value of -32 + (4 - -5) - (-10 - (27 + -60))?
-46
What is the value of -85 - (-103 + 18) - 29?
-29
What is the value of 7 + -7 - (-2 + -57 + 16 + 9)?
34
What is the value of (4 - (10 + 4) - 15) + (-7 - 5 - -10)?
-27
(23 + 15 - -6) + -16 - -20
48
91 - -21 - 33 - 87
-8
Evaluate -21 - (21 - 33) - (6 + -10 + (0 - 14)).
9
What is the value of (24 + -6 - -55) + -111?
-38
Calculate 22 - 15 - -2 - (-11 + 4 - -1).
15
Evaluate 5 + (-14 + 14 - 4) + -7.
-6
What is -58 + (-38 - (-41 + -35))?
-20
What is the value of -7 - (2 + (1 - 8) - (-5 + (5 - -2)))?
0
Evaluate ((7 + -6 - 8) + -27 + -6 - 8) + -7.
-55
Evaluate (378 - 345) + (-21 - 7).
5
9 - 0 - (0 - -1) - (673 - 705)
40
-64 + 104 + (-47 - -36)
29
Calculate -5 + 5 + (-12 + -4 + 9 - -3) + -14.
-18
Calculate 23 + (53 + -137 - -52).
-9
Evaluate 8 - -94 - (-38 + 61 + -11).
90
What is -6 + 14 + -24 + 4 + 55 + 5 + -2?
46
Calculate 40 + 1 + 1 + (13582 - 13558).
66
What is the value of (1 - 1) + (41 - (-105 - -85))?
61
Evaluate -21 - (-6 + 2 + 11 - (11 - 10 - -7)).
-20
Calculate 15 + (29 + -49 - -47).
42
Calculate 16 + -1 - (-215 - -95 - -163).
-28
20 - (-10 - (-6 + -16 - -19)) - -16
43
What is -80 + 10 - ((-2 + 4 + 6 - 10) + 8)?
-76
What is the value of (-24 - (-132 - -189)) + (8 + -2 - -1)?
-74
Evaluate 119 - (159 - (-32 - 7)).
-79
Calculate -13 - (13 + 0 + (-26 - 1 - (17 - -32))).
50
Evaluate 22 + (-16 - (-21 + 38 - 36) - (11 - -1)).
13
What is -225 - -227 - ((-90 - 12) + 3)?
101
Evaluate (36 - 34) + 4 + 6 - 36.
-24
Evaluate 9 + (74 - 140 - -34).
-23
What is the value of 2 - (-1 + -36) - (0 - (-3 + 3 - 10))?
29
Calculate -69 - ((9 - 10) + 2) - (2 + (7 - -2)).
-81
58 + (-147 - -245) + -146
10
What is the value of 65 - (-100 - -168) - (50 - 2)?
-51
Evaluate (-1 - 4) + (-13 - 11) - (-36 + 22 - -17).
-32
Calculate -318 + 297 - (-120 + -2).
101
Evaluate -7 + 43 + -6 + (47 - 37) + -17.
23
What is the value of -5598 + 5702 - (54 + 1)?
49
What is 51 - 18 - (-62 + (100 - 29))?
24
Evaluate 143 + -98 + -52 - (2 + -45).
36
What is the value of -2 + ((-18 - 4) + 31 - (-1 + -2))?
10
What is (1 + -1 - 36) + (29 - (-24 - -55))?
-38
Evaluate (0 - 80) + (-10 - -14) - (-73 + -3 + 68).
-68
Evaluate -21 - (-19 + 3) - (5 + 7).
-17
What is the value of -7 - (-63 - -40 - (-5 - -59))?
70
What is 27 + (-3 - 64) + -106 + 133?
-13
What is -55 + 4 + 20 + -18 + -3 + (-11 - 0)?
-63
What is the value of 22 + -21 + 14 + -10 + -84 + 1?
-78
Evaluate (62 - 88 - (7 + -19)) + 1 + -7.
-20
What is (11 - -1) + (74 - (15 - (-17 - -22))) + 1?
77
What is 81 + (6 - 0) + (7 - (-23 - (17 - 45)))?
89
164 + (-117 - (102 - 87))
32
What is (4 - 3 - (-82 - -81)) + 7 + -102?
-93
Evaluate 1 + (-13 - 13) + -6.
-31
Evaluate -6 - (2 - 4) - (-84 + 280 + -215).
15
What is -11 - (9 - 26 - 29)?
35
What is (5 - 9) + 12 - (-187 - -181)?
14
What is the value of 9 - (-1 + -20 + (212 - 203))?
21
0 - (-5 + 5 + -83 + 101)
-18
Calculate 38 - (1 - -28) - (-59 - (-12 + 6 + 8)).
70
Evaluate -63 - (-33 - (-20 - 14 - -21)).
-43
-107 + 46 + 1 + 197 + -199
-62
(16 + -6 - (-5 + 0)) + 0 + 15
30
What is (-1 - -10) + (-22 - (-8 + 23 - 23))?
-5
What is -43 - (66 + 14 + -63 - ((-1 - -20) + -5))?
-46
Calculate 52 - (1 + 8 + (3 - 1 - (17 - 8))).
50
Calculate 2 - 43 - (1341 + -1327).
-55
Calculate -46 + -38 - (-70 + 1) - ((0 - 0) + -89).
74
Calculate -22 + (-6 - (-24 + (12 - -1))).
-17
Evaluate 7 + (-37 - (-16 + 19)) - 8.
-41
Evaluate -180 - 18 - (-2 - (32 - -15)).
-149
What is (25 - 15 - 63) + 12?
-41
What is the value of 0 + 4 + 14 + 5 + -32 + (14 - 5)?
0
What is the value of -14 + -58 + (5 - (-5 + 0 - -6))?
-68
Calculate 5 + -87 + 100 + 80.
98
What is the value of 38 + (55 - -13) + -98 + (45 - 2 - 0)?
51
What is -103 - 1 - -121 - -20?
37
Evaluate -9 + (5 - (21 - 22)) - -41.
38
Calculate (-3 - -2 - (158 - -3)) + (50 - (164 - 128)).
-148
Evaluate -1363 + 1367 - (-5 - -12 - 84 - (-2 - 3)).
76
Calculate 32 + (-25 - -10) - -9.
26
What is (42 - 0) + 8 + -26 + (19 - 7)?
36
Calculate -1 - 46 - (-5 + (